 c(s) = s**2 - 2524*s + 147836. Determine c(60).
-4
Let w(j) = -j**2 - 32*j + 405. Determine w(-41).
36
Let k(p) = -33*p**2 - 191*p + 561. What is k(3)?
-309
Let s(p) = 3*p**3 - 89*p**2 + 161*p - 600. What is s(28)?
-12
Let x(w) = 6*w + 271. Give x(-46).
-5
Let b(v) = v**2 + 220*v - 3091. Give b(13).
-62
Let n(o) = -3*o**2 - 37*o + 47. Give n(-11).
91
Let z(f) = 78*f + 4342. Determine z(-59).
-260
Let t(b) = -5*b**3 - 8*b**2 + 2*b + 7. Calculate t(3).
-194
Let z(k) = k**3 + 5*k**2 + 130*k + 804. Determine z(-6).
-12
Let q(i) = 58*i + 560. Determine q(-16).
-368
Let k(x) = -3*x**2 + 462*x + 6. Determine k(154).
6
Let f(k) = 15*k**2 + 595*k + 362. Give f(-39).
-28
Let h(k) = 206*k - 37263. Calculate h(181).
23
Let i(a) = 6*a**2 - 2*a - 21. Give i(2).
-1
Let y(r) = -251*r - 87. Determine y(-5).
1168
Let u(c) = -c**3 + 8*c**2 - 10*c + 188. Calculate u(8).
108
Let p(f) = f**3 - 60*f**2 - 190*f - 16. Give p(63).
-79
Let o(s) = 2*s**2 - 40*s + 42. Determine o(17).
-60
Let r(s) = 7*s**3 + 340*s**2 - 145*s + 134. Determine r(-49).
36
Let n(g) = 9*g**3 + 305*g**2 - 34*g + 37. Give n(-34).
37
Let g(h) = h**3 + 11*h**2 + 45*h + 166. Determine g(-8).
-2
Let c(y) = 2*y**3 + 31*y**2 + 4*y - 157. Give c(-15).
8
Let b(i) = i**3 + 19*i**2 - 5*i - 109. What is b(-20)?
-409
Let t(p) = -p**2 - 33*p + 17022. Give t(-148).
2
Let t(p) = 7*p**3 + 68*p**2 + 69*p + 861. Determine t(-10).
-29
Let z(i) = 176*i + 1235. What is z(-8)?
-173
Let u(j) = j**2 - 26*j - 23. What is u(28)?
33
Let o(y) = 61*y**2 + 1740*y - 1741. Calculate o(1).
60
Let o(n) = 244*n + 5749. What is o(-23)?
137
Let q(c) = -2*c**2 + 69*c + 86. Give q(38).
-180
Let x(o) = -1653*o + 14. Determine x(0).
14
Let x(w) = 6*w**2 - 288*w - 2315. What is x(-7)?
-5
Let d(c) = -3*c**2 - 29*c + 44. Calculate d(-15).
-196
Let w(r) = -2*r**3 - 8*r**2 - 10*r - 9. Give w(-7).
355
Let w(a) = a**3 + 3*a**2 - 14*a + 40. Calculate w(-6).
16
Let r(y) = -y**2 + 897*y - 5301. Determine r(6).
45
Let n(f) = -18*f - 24. Calculate n(4).
-96
Let k(j) = 5*j + 340. Give k(-45).
115
Let g(c) = -3*c**2 - 138*c - 135. Determine g(-1).
0
Let c(o) = 64*o + 7012. Determine c(-110).
-28
Let l(g) = 713*g + 39212. Calculate l(-55).
-3
Let h(q) = -548*q + 2725. What is h(5)?
-15
Let r(o) = o**3 - 26*o**2 + 149*o + 65. Calculate r(17).
-3
Let d(r) = 3*r**2 + 57*r + 107. Calculate d(-17).
5
Let k(x) = -x**3 - 77*x**2 + 3771*x + 92. What is k(34)?
-10
Let t(d) = -4*d**2 - 116*d - 63. Determine t(-30).
-183
Let z(o) = -o**3 + 9*o**2 + 19*o - 98. Calculate z(12).
-302
Let m(s) = s - 148. Determine m(-21).
-169
Let z(k) = 59*k + 4019. Calculate z(-68).
7
Let m(x) = 118*x - 1194. Determine m(10).
-14
Let j(u) = 2*u**2 + 89*u - 140. Determine j(-46).
-2
Let c(u) = 5*u**2 + 129*u + 842. What is c(-14)?
16
Let k(c) = 2*c**3 + 35*c**2 - 6*c + 5. What is k(-18)?
-211
Let m(a) = a**3 - 32*a**2 + 45*a - 473. Give m(31).
-39
Let r(m) = -43*m**2 + 429*m - 681. Determine r(8).
-1
Let m(l) = 523*l + 1. What is m(0)?
1
Let i(r) = -3*r - 51. Give i(25).
-126
Let u(o) = 10*o**2 + 18*o + 148. What is u(-6)?
400
Let m(h) = 10*h**2 - 604*h + 758. What is m(59)?
-68
Let t(m) = 58*m + 118. Calculate t(-4).
-114
Let n(w) = 42*w + 122. Give n(-4).
-46
Let q(u) = -17*u - 675. Determine q(-40).
5
Let y(z) = 12*z**3 - 4*z**2 + z + 10. Calculate y(-2).
-104
Let k(g) = g - 129. What is k(-5)?
-134
Let m(t) = 2*t**3 - 161*t**2 - 82*t + 39. Give m(81).
-42
Let u(c) = -c**3 - 4*c**2 + 3*c + 23. Give u(-4).
11
Let f(x) = 2*x**3 + 12*x**2 + 13*x. Determine f(-3).
15
Let p(y) = -104*y - 1337. What is p(-13)?
15
Let h(r) = 109*r - 1309. Give h(12).
-1
Let u(x) = 2*x - 5. Determine u(-15).
-35
Let a(g) = -16*g**2 + 56*g - 74. What is a(2)?
-26
Let z(q) = 3*q**3 - 18*q**2 - 4*q + 7. Give z(6).
-17
Let l(v) = v**3 - 41*v**2 - 77*v - 37. Calculate l(43).
350
Let l(n) = -n**3 + 9*n**2 + 45*n - 154. Calculate l(4).
106
Let d(f) = -5*f**3 - f**2 + 74*f + 143. Give d(-2).
31
Let l(y) = -235*y - 11281. Give l(-48).
-1
Let y(h) = h**3 + 5*h**2 + 6*h + 5. What is y(-8)?
-235
Let k(u) = -u**3 + u**2 + 7*u + 13. Determine k(0).
13
Let t(a) = 969*a + 942. Calculate t(-1).
-27
Let z(o) = -344*o - 26144. Calculate z(-76).
0
Let h(z) = -11*z - 158. Determine h(-19).
51
Let q(m) = -2*m**2 - 64*m - 608. Give q(-11).
-146
Let k(b) = 11*b**3 + 331*b**2 + 38*b + 35. What is k(-30)?
-205
Let w(k) = 120*k**2 + 53*k - 115. Calculate w(2).
471
Let d(h) = 7*h + 8. What is d(6)?
50
Let h(g) = 2*g**3 - 8*g**2 + 10. Give h(-1).
0
Let r(o) = -423*o + 464. Calculate r(1).
41
Let q(k) = k**2 + 8*k + 104. Calculate q(13).
377
Let o(z) = -44*z**2 - 482*z + 557. Calculate o(-12).
5
Let u(z) = -z**2 + 23*z - 6. Determine u(21).
36
Let w(m) = -15*m - 124. Determine w(-12).
56
Let o(f) = 18*f**3 + 2*f**2 - f - 2. Determine o(1).
17
Let i(p) = 4*p**3 + 24*p**2 + 3*p - 4. Give i(-6).
-22
Let y(u) = -u**3 + 7*u**2 + 1967*u - 47. Calculate y(-41).
-6
Let c(b) = -151*b + 197. Calculate c(1).
46
Let b(v) = 3127*v + 93806. Give b(-30).
-4
Let t(p) = -p**3 + 8*p**2 + 18*p - 64. Give t(10).
-84
Let s(d) = 6*d**2 + 6*d - 6. What is s(-3)?
30
Let z(b) = -b**3 - 39*b**2 - 242*b - 15. What is z(-7)?
111
Let k(o) = o**2 - 16*o - 5. Determine k(-10).
255
Let o(y) = -315*y + 1102. Calculate o(4).
-158
Let h(g) = 6*g**2 - 49*g - 15. What is h(6)?
-93
Let q(v) = v**2 - 126*v - 378. Calculate q(-3).
9
Let n(b) = -b**3 + 58*b**2 - 313*b + 112. What is n(52)?
60
Let x(s) = 416*s - 18279. Give x(44).
25
Let o(p) = -244*p + 1015. What is o(4)?
39
Let v(q) = -22*q - 140. Calculate v(-6).
-8
Let k(y) = y**3 - 3*y**2 - 15*y - 22. What is k(8)?
178
Let s(t) = -877*t - 5250. Determine s(-6).
12
Let p(k) = k**3 - 10*k**2 - 6*k - 15. Determine p(12).
201
Let x(t) = -2*t - 65. Determine x(-27).
-11
Let q(f) = f**3 + 14*f**2 + 16*f + 38. Determine q(-13).
-1
Let u(m) = m**3 + 4*m**2 - 49*m - 33. Give u(-10).
-143
Let z(m) = -45*m - 41. What is z(0)?
-41
Let t(u) = -u**3 - u**2 - 8*u + 154. Give t(0).
154
Let d(a) = -49*a + 5723. What is d(116)?
39
Let s(h) = h**2 - 35*h + 298. What is s(12)?
22
Let w(t) = 2*t**3 - 6*t**2 - 7*t - 5. Give w(6).
169
Let w(g) = -g**3 + 6*g**2 - 41*g + 130. Calculate w(4).
-2
Let h(a) = 120*a - 681. Determine h(6).
39
Let k(j) = -2*j**3 - 78*j**2 - 99*j + 1826. Calculate k(-37).
13
Let n(j) = 7*j**3 + 3*j**2 - 649*j + 1294. What is n(2)?
64
Let q(g) = -170*g - 40806. Calculate q(-240).
-6
Let n(d) = 6*d**2 - 33*d + 194. Give n(7).
257
Let f(a) = -10*a. What is f(-18)?
180
Let l(m) = -23*m**2 + 10*m + 15. Determine l(-2).
-97
Let x(j) = 152*j - 1669. Determine x(11).
3
Let c(o) = 2*o**2 + 51*o + 47. What is c(-24)?
-25
Let c(g) = -3*g**2 - 270*g - 391. Calculate c(-90).
-391
Let d(j) = -2*j**2 - 18*j - 21. Determine d(-12).
-93
Let i(s) = -1881*s - 9411. Calculate i(-5).
-6
Let i(c) = -c**3 - 126*c**2 - 831*c + 13. What is i(-7)?
-1
Let q(n) = -91*n + 2918. Calculate q(32).
6
Let c(d) = 237*d**2 - 1648*d - 83. Determine c(7).
-6
Let y(u) = -3*u**2 + 6*u + 89. What is y(8)?
-55
Let q(b) = 2*b**3 + 11*b**2 + 333*b + 1303. Give q(-4).
19
Let g(u) = -u**3 - 56*u**2 - 102*u + 288. What is g(-54)?
-36
Let g(b) = -1939*b - 38730. Give g(-20).
50
Let u(l) = -l**3 + 40*l**2 - 89*l + 486. Determine u(38).
-8
Let o(c) = -64*c + 255. Give o(-1).
319
Let k(r) = r**3 - 19*r**2 - 41*r + 7. What is k(21)?
28
Let v(u) = -8*u - 151. What is v(-29)?
81
Let m(v) = -5*v**2 - 162*v + 218. What is m(-34)?
-54
Let y(q) = -9*q**2 + 39*q + 72. Determine y(6).
-18
Let p(b) = 2*b**3 - 269*b**2 - 132*b - 407. Give p(135).
-2
Let q(z) = z**3 - 39*z**2 + 41*z - 323. What is q(38)?
-209
Let m(s) = -3*s**2 + 53*s - 14. What is m(17)?
20
Let a(g) = 3*g**3 + 33*g**2 - 2*g - 77. Calculate a(-11).
-55
Let f(p) = -7*p**3 - 33*p**2 - 12*p + 8. Give f(-4).
-24
Let n(w) = -66*w + 454. What is n(7)?
-8
Let v(a) = -24*a + 1898. Calculate v(79).
2
Let i(n) = -23*n - 2814. Give i(-123).
15
Let p(c) = 17*c**2 - 208*c + 223. Calculate p(11).
-8
Let l(u) = -4*u**3 + 27*u**2 + 2. Give l(7).
-47
Let v(t) = -8*t**2 - 172*t - 372. Give v(-19).
8
Let h(v) = v**3 - 8*v**2 + 24*v + 10. Determine h(6).
82
Let n(j) = 14*j - 170. Give n(26).
194
Let m(z) = -2246*z - 80856. Give m(-36).
0
Let o(g) = -15*g**3 + 107*g**2 - 14*g + 20. Calculate o(7).
20
Let u(m) = 2*m**3 - 50*m**